7) is divided by 27.
19
Suppose 117*p - 37*p = 28400. What is the remainder when p is divided by 126?
103
Let d = -411 + 488. What is the remainder when 232 is divided by d?
1
Suppose 61*w + 20 = 62*w. What is the remainder when 317 is divided by w?
17
Suppose 720 = 19*f + 283. What is the remainder when f is divided by 11?
1
Let d = -767 + 1146. What is the remainder when d is divided by 19?
18
Suppose 2*d - 20 = 114. Suppose -4*w = 8, o - 3*w + 13 = 139. Let n = o - d. Calculate the remainder when n is divided by 18.
17
Suppose -49*a = -3353 - 5369. What is the remainder when a is divided by 4?
2
Let a(p) = p**3 - p**2 - 3*p - 3. Let g be a(-2). Calculate the remainder when 19 is divided by (7 + g)/(2/(-7)).
5
Suppose 0 = 31*y - 23*y - 800. Calculate the remainder when y is divided by 15.
10
Suppose 0 = -9*z + 7651 + 1394. What is the remainder when z is divided by 84?
81
Let v(f) = 3*f + 68. Let i be v(-21). Suppose 2*t = -3*z + i, -4*z = -5*t + 3*t - 16. Calculate the remainder when z is divided by 2.
1
Suppose i = -5*o + 39, 4*i - 8*o - 81 = -3*o. Suppose i = 5*y - 2*a, 4*y = -a + 2*a + 18. What is the remainder when (6/(-3))/((-2)/7) is divided by y?
3
Suppose -2*f + 1 = -3. Suppose f*x - 4*x = -2*n - 68, 0 = -n - 3. What is the remainder when 153 is divided by x?
29
Calculate the remainder when 71 is divided by (-111)/(-9) - 26/78.
11
Suppose 0 = -h - 2*c - 5, -2 = 4*h + 4*c + 2. Let l = 0 + h. Suppose 15*q + 12 = 18*q. Calculate the remainder when q is divided by l.
1
Let v(t) be the third derivative of t**5/12 + t**4/6 - 4*t**3/3 - 35*t**2. Calculate the remainder when v(5) is divided by 35.
32
Suppose 168 = 2*c + 6*c. What is the remainder when 40 is divided by c?
19
Calculate the remainder when 378 is divided by (2/(-7))/((-6)/420).
18
Let g(w) = -89*w - 23. Let l be g(-7). Suppose -164 = 4*c - l. Calculate the remainder when c is divided by 37.
35
Let q be ((-176)/(-55))/((-2)/10). Let f be q/(-3) - (-8)/12. Suppose -y + f = -1. What is the remainder when 12 is divided by y?
5
What is the remainder when 45 is divided by -93*1/(-3) + -7?
21
Let z = -359 + 1240. Calculate the remainder when z is divided by 68.
65
Let f(w) = w - 12. Let g be f(-9). Let y = 17 + g. Calculate the remainder when 84 is divided by 4*((-9)/y - -2).
16
Let d(f) = -85*f**3 + 5*f**2 - 5*f. Let p(q) = 21*q**3 - q**2 + q. Let r(s) = 2*d(s) + 9*p(s). Calculate the remainder when r(1) is divided by 11.
8
Let r = -25 + 50. Suppose 149 = 3*f - z, 5*f + 2*z = 2*f + 143. Let v = f + -35. What is the remainder when r is divided by v?
11
What is the remainder when 1/(-7) + 46656/448 is divided by 34?
2
Let v(k) = -k**3 + 14*k**2 - 21*k + 16. What is the remainder when 245 is divided by v(12)?
37
Suppose -3*z = z - 196. What is the remainder when z is divided by (-7)/(-56)*50*4?
24
Let o(q) = -7*q + 7. Let s be o(-9). Suppose -y - s = -4*w + y, -3*w + 35 = 2*y. Calculate the remainder when 29 is divided by w.
14
Suppose t = 5*m - 194, -4*m + t = 13 - 169. What is the remainder when 415 is divided by m?
35
Suppose 2*o - 78 - 150 = 5*v, -3*o + 304 = 2*v. What is the remainder when o is divided by 24 - 1 - (5 + 12/(-4))?
20
Suppose 5*z + 4*g = 7*g + 954, 4*z - 5*g - 771 = 0. What is the remainder when z is divided by 40?
29
Suppose -6*r - 359 = -551. Calculate the remainder when 181 is divided by r.
21
Let z(m) be the first derivative of m**4/4 + 5*m**3/3 - 7*m**2/2 - 3. What is the remainder when -1 + -7 + 6 + 25 is divided by z(-6)?
5
Suppose -8 = 7*i + 20. Let u = 104 - i. What is the remainder when u is divided by 28?
24
Suppose 58*z - 1976 = 6*z. Calculate the remainder when z is divided by 12.
2
Let d(u) = -u**3 - 4*u**2 + 15*u + 45. What is the remainder when 97 is divided by d(-6)?
16
Let j = 79 + -29. What is the remainder when j is divided by 1*(-270)/20*(-1 + -1)?
23
Let r = 1748 + -1299. Calculate the remainder when r is divided by 41.
39
Let t(r) = r**3 + 16*r**2 + 53*r - 4. What is the remainder when 129 is divided by t(-11)?
3
Let q be -8 - (-1 - -4 - 2). Let g = -3 - q. Calculate the remainder when 3/((-4)/(-18) + (-21)/(-270)) is divided by g.
4
Suppose -42*q = -75*q + 7227. Calculate the remainder when q is divided by (-9)/(-6)*(-88)/(-3).
43
Suppose 97*z = 83*z + 3794. Calculate the remainder when z is divided by 92.
87
Suppose 48*f - 1935 = 177. Calculate the remainder when 383 is divided by f.
31
Suppose -4*t + t = -123. What is the remainder when 327 - (-7 + 42/6) is divided by t?
40
Let n(h) = 1625*h**2 - 3*h**3 - 2*h**3 - 1623*h**2 - 3 + h**3. Calculate the remainder when n(-2) is divided by 14.
9
Let j = -1070 + 1126. Calculate the remainder when j is divided by 29.
27
Let l = -53 - -299. Calculate the remainder when l is divided by 19.
18
Suppose 5*p + 34 = 3*y - 6, 4*p + 32 = -2*y. Let h(n) = n**2 + 4*n - 8. Let o be h(p). What is the remainder when 28 is divided by 4/6*o/2?
4
Let j = 120 - 82. Suppose 3 = -4*b - 13. What is the remainder when j is divided by (-8)/b - -1*11?
12
Let i(a) = a**2 - 42*a + 32. Calculate the remainder when 87 is divided by i(42).
23
Let g(p) = 475*p - 399. Let s(h) = -19*h + 16. Let k(n) = 3*g(n) + 76*s(n). What is the remainder when k(-5) is divided by 29?
27
Let o(h) = -4*h**2 + 128*h + 76. What is the remainder when o(26) is divided by 64?
60
Suppose -2*g = 4*b - 18, -4*g + g + 13 = -b. Let d be ((-2)/5)/(g/(-75)). What is the remainder when (-64)/(-10) - d/15 is divided by 3?
0
Suppose 28 = -0*w + 5*w + j, 4*w - 4*j = 8. What is the remainder when 313 is divided by w?
3
Suppose -2772 = -70*j + 52*j. What is the remainder when j is divided by 39?
37
Let f(a) = 2*a**2 + 10*a + 2. Let d be f(-7). What is the remainder when 100/d*6/4 is divided by 3?
2
Let w = -12 - -20. Suppose w*z - 527 = 641. What is the remainder when z is divided by 37?
35
Suppose -s - 11 = 5*u, u = -3*s - 0*u + 9. Suppose -51 = -5*n + 3*r, -5*n - s*r + 6*r = -54. Calculate the remainder when (-8 + -1)*28/(-12) is divided by n.
9
Suppose 0 = -32*z + 18*z. Suppose 5*m - 86 - 29 = z. What is the remainder when 328/5 + (-4)/(-10) is divided by m?
20
Suppose -3*m + 140 = -106. Suppose -3*l = 2*x - m, -l - x + 29 = -0*l. What is the remainder when 47 is divided by l?
23
Suppose 5*f = a + 99, -5*f + 2*a = 5*a - 103. What is the remainder when 579 is divided by f?
19
Let m be (8/(-10))/(1/(-10)). Let s(g) be the first derivative of g**2 + 12*g - 21. What is the remainder when 54 is divided by s(m)?
26
Suppose -13 + 4 = -i. Let p be 1/((-4)/60*-3). Suppose -30 = -p*h + 2*f + 3*f, -h = -4*f + i. What is the remainder when 43 is divided by h?
10
Let v(h) = -45*h**3 - h**2 + 12*h + 5. Calculate the remainder when v(-3) is divided by 7.
6
Let m(g) = -38*g - 26. Calculate the remainder when m(-2) is divided by 11.
6
Let f = -15 + 46. Let n = 204 - 101. Suppose 12 = -r + n. What is the remainder when r is divided by f?
29
Let x be -1 + 2 + (-60)/(1 + -5). Let n(v) = v**2 - 17*v + 28. Calculate the remainder when 57 is divided by n(x).
9
Let q = -128 - -128. Suppose -i + 4 = q, -3*b + 3*i + 329 = -i. Calculate the remainder when b is divided by 25.
15
Let m(p) be the first derivative of -p**4/4 - p**2/2 + 145*p - 2. Let y be m(0). Suppose 0 = 3*x + 34 - y. Calculate the remainder when x is divided by 13.
11
Calculate the remainder when 2*2 + (-22)/((-14)/7) is divided by 9.
6
What is the remainder when 1897 is divided by 22 - -1*(9 + -5)?
25
Suppose -4*o + 6*o + 2*q + 6 = 0, 0 = 4*o + q. Calculate the remainder when 53 - -9 - (o - 1) is divided by 16.
14
Let l be (101 + 1)*2/6. What is the remainder when (l/1)/(26/39) is divided by 13?
12
Let o(b) = -b + 18. Let v be o(10). Suppose 0 = v*l - 62 - 178. Suppose -n = -2*g + 28, -4*n - 18 + 2 = -2*g. What is the remainder when l is divided by g?
14
Let j be 2/(-6)*(-27)/3. Let o(i) = i + 17*i**3 - i**3 - i**2 + 0*i**j. What is the remainder when o(1) is divided by 6?
4
Let i(l) = -l + 1. Let u(b) = -2*b + 1. Let d(n) = -7*i(n) + 5*u(n). Let w be d(-3). Suppose w = -4*m + 19. What is the remainder when 8 is divided by m?
2
Let o = -16 - -12. Suppose 4*f + f = 195. Calculate the remainder when f is divided by 3/12 - 83/o.
18
Let u be 0/2 - (-4 + 13). Let p = u + 31. Calculate the remainder when 43 is divided by p